 6365. Calculate z(-10).
-55
Let y(o) = -145*o - 3509. Give y(-13).
-1624
Let i(w) = 467*w**2 + 2*w + 5. What is i(-1)?
470
Let z(x) = -x**2 + 94326*x - 4336881. Give z(46).
-1
Let f(r) = -87*r**2 - 4099*r + 13074. Give f(3).
-6
Let x(d) = -5657*d - 396015. What is x(-70)?
-25
Let z(w) = 18*w**3 - 4*w**2 + 103*w + 116. Determine z(0).
116
Let q(y) = -8*y**3 + 109*y**2 + 229*y - 2582. What is q(14)?
36
Let s(o) = 22*o**2 + 12053*o - 700599. Give s(53).
8
Let s(r) = 12982*r - 181577. What is s(14)?
171
Let c(o) = 5052*o + 1086151. What is c(-215)?
-29
Let m(l) = -l**3 + 55*l**2 - 464*l + 1561. Determine m(46).
-739
Let k(h) = 2604*h + 4231. Give k(-2).
-977
Let z(t) = 10*t**2 - 980*t + 6168. What is z(92)?
648
Let r(t) = 243*t - 9063. Determine r(42).
1143
Let s(y) = -15*y**2 + 698*y - 1037. Calculate s(46).
-669
Let y(j) = -2347*j**2 + 842553*j + 7181. Give y(359).
1
Let y(f) = -20971*f - 104853. Calculate y(-5).
2
Let t(c) = -35*c - 4696. Calculate t(-137).
99
Let y(v) = 2*v**3 + 23*v**2 - 1528*v - 22143. Give y(-16).
1
Let p(j) = -50*j - 50. Determine p(-12).
550
Let r(z) = z**3 - 23*z**2 + 83*z - 723. What is r(16)?
-1187
Let z(q) = -189515*q + 2463737. Calculate z(13).
42
Let m(v) = -21175*v + 21184. Give m(1).
9
Let h(p) = 4259*p + 1307536. Calculate h(-307).
23
Let z(t) = 26*t**3 + 988*t**2 - 682*t - 25922. Calculate z(-38).
-6
Let b(z) = z**2 - 17253*z - 12697700. What is b(-707)?
20
Let p(b) = -5*b**3 - 3*b**2 + 40*b - 26. Determine p(-8).
2022
Let g(b) = -b**2 - 26877*b - 80627. Give g(-3).
-5
Let t(c) = -137*c**2 + 7820*c - 652. What is t(57)?
-25
Let b(n) = n**2 - 326*n + 16569. Give b(263).
0
Let k(x) = 1050*x + 40087. Give k(-39).
-863
Let s(m) = -3*m**3 - 499*m**2 - 659*m - 691. What is s(-165)?
-856
Let v(y) = -y**2 - 68*y - 473. Calculate v(-57).
154
Let t(o) = -31*o**2 - 384*o + 4. Give t(0).
4
Let z(r) = -5*r**3 - 144*r**2 + 20*r + 21. Give z(-29).
282
Let d(h) = -5*h**2 + 819471*h + 819472. Determine d(-1).
-4
Let v(y) = -y**3 - 12*y**2 + 1360*y + 1163. What is v(-43)?
2
Let c(x) = -x**2 - 62*x + 121312. What is c(-381)?
-227
Let u(r) = -r**3 + 76*r**2 + 1059*r - 253. What is u(88)?
11
Let m(c) = 1723*c - 10312. Give m(6).
26
Let j(x) = -10*x**3 + 251*x**2 - 86*x + 898. Give j(25).
-627
Let z(v) = 18*v**3 - 74*v**2 + 26*v + 16. Calculate z(4).
88
Let z(s) = -3*s**3 + 147*s**2 - 254*s + 1204. Determine z(48).
-4076
Let w(d) = 26*d**2 - 240*d - 959. Give w(12).
-95
Let o(w) = -71999*w - 3168034. Determine o(-44).
-78
Let g(f) = -133*f + 37644. Determine g(283).
5
Let f(i) = -i**3 + 23*i**2 - 282. What is f(24)?
-858
Let m(b) = 11253*b - 1395369. What is m(124)?
3
Let y(m) = m**3 - 17*m**2 - 8347*m + 84155. Determine y(10).
-15
Let p(u) = -2*u**3 + 77*u**2 - 145*u - 853. Give p(36).
407
Let n(q) = -4*q**3 + 4*q**2 - 4*q + 204. Calculate n(8).
-1620
Let g(i) = 489*i + 36330. Determine g(-74).
144
Let r(h) = -532769*h - 2131068. What is r(-4)?
8
Let h(n) = -n**2 + 4670*n - 3958935. Calculate h(1113).
6
Let i(z) = z**2 - 5502*z + 412235. Calculate i(76).
-141
Let l(p) = -86*p**2 - 4858*p + 7542. What is l(-58)?
2
Let a(l) = -116*l**3 - 390*l**2 - 778*l + 1. What is a(-2)?
925
Let h(j) = 2*j**2 + 67*j - 2316. Give h(21).
-27
Let n(u) = -67*u**2 - 2260*u - 18049. What is n(-13)?
8
Let f(l) = 2*l**3 - 118*l**2 - 641*l + 112. Calculate f(64).
48
Let q(p) = 1341*p + 6759. Calculate q(-4).
1395
Let k(w) = -w**3 + 33*w**2 + 1629*w - 47081. Calculate k(26).
5
Let p(t) = 5*t**2 + 223*t + 524. Determine p(-43).
180
Let j(i) = -i**3 + 112*i**2 + 5*i - 212. Give j(112).
348
Let h(j) = 438787*j + 17551471. Calculate h(-40).
-9
Let t(j) = 21168*j - 232314. Calculate t(11).
534
Let b(r) = -227*r**2 + 107161*r - 8028. Determine b(472).
-4
Let p(n) = -25*n**2 + 9507*n - 213770. Give p(24).
-2
Let y(x) = x**3 + 1901*x**2 + 37662*x + 831. Give y(-20).
-9
Let g(z) = 39*z**3 + 223*z**2 + 2*z - 8. Determine g(-6).
-416
Let n(t) = 6*t**3 - 94*t**2 - 21*t - 228. Give n(16).
-52
Let k(u) = -5*u**2 + 7662*u + 53794. What is k(-7)?
-85
Let x(y) = 233*y + 16556. Determine x(-83).
-2783
Let x(n) = 6*n**3 + 46*n**2 + 48*n - 52. Calculate x(-6).
20
Let m(p) = 7*p**2 - 349*p - 7459. Determine m(66).
-1
Let b(i) = -705*i - 5105. What is b(-6)?
-875
Let q(i) = -i**3 + 32*i**2 + 410*i - 8321. Determine q(37).
4
Let f(x) = 5*x**3 - 221*x**2 - 658*x + 19. Calculate f(47).
19
Let l(z) = -3*z**3 - 85*z**2 - 97*z - 1937. What is l(-28)?
-5
Let a(u) = -50877*u + 356062. Calculate a(7).
-77
Let y(z) = 90*z**3 - 1629*z**2 + 152*z + 76. Calculate y(18).
-104
Let q(j) = 125*j + 684. Determine q(-5).
59
Let x(a) = -1298*a - 61106. Calculate x(-46).
-1398
Let y(m) = 4*m**2 - 335*m + 1931. Calculate y(6).
65
Let a(h) = -5*h**3 - 20*h**2 + 11*h + 326. What is a(7)?
-2292
Let r(t) = -2*t**3 + 32*t**2 - 132*t - 24. What is r(9)?
-78
Let o(w) = -328*w**3 + 2*w**2 - 156*w - 157. Calculate o(-1).
329
Let t(w) = 48597*w - 291580. Calculate t(6).
2
Let x(u) = 27*u**2 - 3997*u - 12065. Determine x(-3).
169
Let x(o) = -107299*o + 965673. Give x(9).
-18
Let z(c) = 2*c**3 - 67*c**2 + 588*c - 713. Give z(13).
2
Let h(l) = 3733178*l - 26132249. What is h(7)?
-3
Let d(f) = -3448*f - 1262048. Give d(-366).
-80
Let y(i) = i**2 - 968*i - 79334. Calculate y(-76).
10
Let z(g) = -g**3 - 55*g**2 + 524*g + 612. Determine z(-64).
3940
Let t(b) = 2*b**2 - 19805*b - 377013. Calculate t(-19).
4
Let x(m) = 1304*m + 825445. Determine x(-633).
13
Let p(b) = 15994*b + 399844. What is p(-25)?
-6
Let u(s) = -27602*s - 220828. Calculate u(-8).
-12
Let s(w) = -w**3 - 147*w**2 + 4520*w - 30954. Give s(-174).
18
Let t(a) = -a**3 - 41*a**2 - 55*a - 293. Determine t(-40).
307
Let x(b) = 3333*b - 1213246. Determine x(364).
-34
Let z(i) = 2*i**3 - 213*i**2 + 2168*i + 1594. Calculate z(95).
-21
Let s(r) = 2*r**3 + 6*r**2 - 146*r - 501. Determine s(-5).
129
Let m(b) = 14*b**2 + 5*b - 5122. Calculate m(19).
27
Let r(g) = 1077141*g + 40931359. What is r(-38)?
1
Let j(v) = -v**3 + 62*v**2 + 25*v - 1194. Determine j(62).
356
Let m(v) = v**3 - 3*v**2 + 266*v - 264. Determine m(1).
0
Let k(d) = -136*d + 9923. Give k(71).
267
Let s(z) = 63941*z - 1087050. Determine s(17).
-53
Let p(o) = o**2 + 314*o - 2. Determine p(0).
-2
Let p(a) = 95*a**2 - 2188*a + 34. Give p(23).
-35
Let p(v) = 3*v**2 + 226*v + 1306. What is p(-6)?
58
Let u(k) = -3*k**2 + 44*k + 532. Determine u(-9).
-107
Let b(p) = -1699*p - 4379. Calculate b(-3).
718
Let a(r) = -r**3 - 382*r**2 - 13996*r - 5063. What is a(-341)?
52
Let p(s) = -182*s**2 - 207*s - 410. Calculate p(-2).
-724
Let x(q) = -9*q**3 - 133*q**2 - 435*q - 28. Calculate x(-10).
22
Let z(q) = -q**3 + 15*q**2 + 1271*q - 16978. What is z(37)?
-69
Let t(x) = x**2 + 1148*x + 101963. Give t(-97).
16
Let m(v) = -2079*v**2 + 10384*v + 61. What is m(5)?
6
Let l(f) = f**3 + 47*f**2 + 112*f + 994. Determine l(-45).
4
Let f(n) = -2562*n + 543151. Give f(212).
7
Let k(o) = -o**2 - 81*o - 859. What is k(-10)?
-149
Let s(t) = 299516*t - 4492735. Determine s(15).
5
Let o(p) = -1516*p + 387173. Determine o(255).
593
Let i(g) = -69135*g - 345675. What is i(-5)?
0
Let w(c) = 391*c + 228377. What is w(-584)?
33
Let l(b) = 289*b - 73441. Calculate l(280).
7479
Let w(h) = -1558*h - 185. Determine w(-1).
1373
Let i(a) = 70*a**3 - 197*a**2 - 660*a - 6. Calculate i(-4).
-4998
Let g(p) = -2327*p + 88578. Calculate g(38).
152
Let k(z) = -4665*z - 242682. Calculate k(-52).
-102
Let p(a) = -4*a**2 - 16330*a - 48952. Calculate p(-3).
2
Let u(z) = -z**2 - 1394*z - 473476. What is u(-808)?
12
Let f(o) = 5*o**3 - 4*o**2 - 7353*o - 36759. What is f(-5)?
-719
Let d(h) = -h**3 - 42*h**2 - 233*h - 623. Give d(-36).
-11
Let w(i) = i**2 - 89*i + 1375. Give w(26).
-263
Let w(s) = 2*s**3 + 340*s**2 + 334*s - 719. Determine w(-169).
-43
Let r(t) = 1205*t + 7368. What is r(-6)?
138
Let w(d) = d**3 + 164*d**2 + 4416*d - 502. Determine w(-130).
18
Let j(q) = -3*q**2 + 778*q + 10326. Calculate j(272).
-10
Let y(q) = 7*q**2 - 1259*q + 50834. What is y(61)?
82
Let q(d) = 4557*d + 196006. Give q(-43).
55
Let d(c) = 39*c**2 - 161*c - 838. What is d(-5)?
942
Let j(f) = -28068*f - 1796354. Determine j(-64).
-2
Let g(h) = -34*h**2 + 1818*h + 426. What is g(54)?
-546
Let j(y) = 6*y**2 - 657*y - 2031. What is j(-3)?
-6
Let g(t) = 1053908*t + 316172